{"id":1104,"date":"2025-08-22T20:54:34","date_gmt":"2025-08-22T20:54:34","guid":{"rendered":"https:\/\/www.loasisvegetale.fr\/?post_type=product&#038;p=1104"},"modified":"2025-08-24T16:41:59","modified_gmt":"2025-08-24T16:41:59","slug":"village-enchante","status":"publish","type":"product","link":"https:\/\/www.loasisvegetale.fr\/index.php\/produit\/village-enchante\/","title":{"rendered":"Village Enchant\u00e9"},"content":{"rendered":"<p>Village Enchant\u00e9<br \/>\nD\u00e9couvrez \u00ab\u00a0Village Enchant\u00e9\u00a0\u00bb, un terrarium unique <strong>r\u00e9alis\u00e9 sur mesure dans un aquarium<\/strong>, v\u00e9ritable sc\u00e8ne miniature d\u2019un monde f\u00e9erique. Ce d\u00e9cor vivant se compose d\u2019un tapis de mousse dense, de petites touches color\u00e9es comme des champignons rouges et noirs, d\u2019une cabane v\u00e9g\u00e9tale orn\u00e9e d\u2019un toit bleu aux allures de fleur et d\u2019une <strong>petite maison naturelle<\/strong> d&rsquo;un bleu profond. Des \u00e9l\u00e9ments artisanaux tels qu\u2019une <strong>\u00e9chelle en bois<\/strong>, une <strong>balan\u00e7oire miniature<\/strong> et un <strong>coquillage<\/strong> d\u00e9licat apportent authenticit\u00e9 et po\u00e9sie \u00e0 cet univers. Une cr\u00e9ation immersive qui transporte dans un village magique nich\u00e9 au c\u0153ur de la nature.<\/p>\n<p><strong>Le client a fourni son propre r\u00e9cipient et a pu profit\u00e9 d&rsquo;une remise imm\u00e9diate sur cet article de 20%<\/strong><\/p>\n","protected":false},"excerpt":{"rendered":"<p>Village Enchant\u00e9 D\u00e9couvrez \u00ab\u00a0Village Enchant\u00e9\u00a0\u00bb, un terrarium unique r\u00e9alis\u00e9 sur mesure dans un [&hellip;]<\/p>\n","protected":false},"featured_media":1109,"comment_status":"open","ping_status":"closed","template":"","meta":[],"product_brand":[],"product_cat":[26],"product_tag":[],"class_list":{"0":"post-1104","1":"product","2":"type-product","3":"status-publish","4":"has-post-thumbnail","6":"product_cat-terrarium","7":"pa_taille-personnalise","9":"first","10":"instock","11":"taxable","12":"shipping-taxable","13":"purchasable","14":"product-type-simple"},"yoast_head":"<!-- This site is optimized with the Yoast SEO plugin v25.7 - https:\/\/yoast.com\/wordpress\/plugins\/seo\/ -->\n<title>Village Enchant\u00e9 - L&#039;oasis V\u00e9g\u00e9tale<\/title>\n<meta name=\"description\" content=\"&quot;Village Enchant\u00e9&quot; : une sc\u00e8ne f\u00e9erique dans un aquarium, avec mousse luxuriante, cabane v\u00e9g\u00e9tale et d\u00e9tails artisanaux. Un univers miniature unique\" \/>\n<meta name=\"robots\" content=\"index, follow, max-snippet:-1, max-image-preview:large, max-video-preview:-1\" \/>\n<link rel=\"canonical\" href=\"https:\/\/www.loasisvegetale.fr\/index.php\/produit\/village-enchante\/\" \/>\n<meta property=\"og:locale\" content=\"fr_FR\" \/>\n<meta property=\"og:type\" content=\"article\" \/>\n<meta property=\"og:title\" content=\"Village Enchant\u00e9 - L&#039;oasis V\u00e9g\u00e9tale\" \/>\n<meta property=\"og:description\" content=\"&quot;Village Enchant\u00e9&quot; : une sc\u00e8ne f\u00e9erique dans un aquarium, avec mousse luxuriante, cabane v\u00e9g\u00e9tale et d\u00e9tails artisanaux. Un univers miniature unique\" \/>\n<meta property=\"og:url\" content=\"https:\/\/www.loasisvegetale.fr\/index.php\/produit\/village-enchante\/\" \/>\n<meta property=\"og:site_name\" content=\"L&#039;oasis V\u00e9g\u00e9tale\" \/>\n<meta property=\"article:modified_time\" content=\"2025-08-24T16:41:59+00:00\" \/>\n<meta property=\"og:image\" content=\"https:\/\/www.loasisvegetale.fr\/wp-content\/uploads\/2025\/08\/5-1.jpg\" \/>\n\t<meta property=\"og:image:width\" content=\"1200\" \/>\n\t<meta property=\"og:image:height\" content=\"1600\" \/>\n\t<meta property=\"og:image:type\" content=\"image\/jpeg\" \/>\n<meta name=\"twitter:card\" content=\"summary_large_image\" \/>\n<meta name=\"twitter:label1\" content=\"Dur\u00e9e de lecture estim\u00e9e\" \/>\n\t<meta name=\"twitter:data1\" content=\"1 minute\" \/>\n<script type=\"application\/ld+json\" class=\"yoast-schema-graph\">{\"@context\":\"https:\/\/schema.org\",\"@graph\":[{\"@type\":\"WebPage\",\"@id\":\"https:\/\/www.loasisvegetale.fr\/index.php\/produit\/village-enchante\/\",\"url\":\"https:\/\/www.loasisvegetale.fr\/index.php\/produit\/village-enchante\/\",\"name\":\"Village Enchant\u00e9 - L&#039;oasis V\u00e9g\u00e9tale\",\"isPartOf\":{\"@id\":\"https:\/\/www.loasisvegetale.fr\/#website\"},\"primaryImageOfPage\":{\"@id\":\"https:\/\/www.loasisvegetale.fr\/index.php\/produit\/village-enchante\/#primaryimage\"},\"image\":{\"@id\":\"https:\/\/www.loasisvegetale.fr\/index.php\/produit\/village-enchante\/#primaryimage\"},\"thumbnailUrl\":\"https:\/\/www.loasisvegetale.fr\/wp-content\/uploads\/2025\/08\/5-1.jpg\",\"datePublished\":\"2025-08-22T20:54:34+00:00\",\"dateModified\":\"2025-08-24T16:41:59+00:00\",\"description\":\"\\\"Village Enchant\u00e9\\\" : une sc\u00e8ne f\u00e9erique dans un aquarium, avec mousse luxuriante, cabane v\u00e9g\u00e9tale et d\u00e9tails artisanaux. Un univers miniature unique\",\"breadcrumb\":{\"@id\":\"https:\/\/www.loasisvegetale.fr\/index.php\/produit\/village-enchante\/#breadcrumb\"},\"inLanguage\":\"fr-FR\",\"potentialAction\":[{\"@type\":\"ReadAction\",\"target\":[\"https:\/\/www.loasisvegetale.fr\/index.php\/produit\/village-enchante\/\"]}]},{\"@type\":\"ImageObject\",\"inLanguage\":\"fr-FR\",\"@id\":\"https:\/\/www.loasisvegetale.fr\/index.php\/produit\/village-enchante\/#primaryimage\",\"url\":\"https:\/\/www.loasisvegetale.fr\/wp-content\/uploads\/2025\/08\/5-1.jpg\",\"contentUrl\":\"https:\/\/www.loasisvegetale.fr\/wp-content\/uploads\/2025\/08\/5-1.jpg\",\"width\":1200,\"height\":1600},{\"@type\":\"BreadcrumbList\",\"@id\":\"https:\/\/www.loasisvegetale.fr\/index.php\/produit\/village-enchante\/#breadcrumb\",\"itemListElement\":[{\"@type\":\"ListItem\",\"position\":1,\"name\":\"Accueil\",\"item\":\"https:\/\/www.loasisvegetale.fr\/\"},{\"@type\":\"ListItem\",\"position\":2,\"name\":\"Cr\u00e9ations\",\"item\":\"https:\/\/www.loasisvegetale.fr\/index.php\/toutes-mes-creations\/\"},{\"@type\":\"ListItem\",\"position\":3,\"name\":\"Village Enchant\u00e9\"}]},{\"@type\":\"WebSite\",\"@id\":\"https:\/\/www.loasisvegetale.fr\/#website\",\"url\":\"https:\/\/www.loasisvegetale.fr\/\",\"name\":\"L'oasis V\u00e9g\u00e9tale\",\"description\":\"\ud83c\udf44 L\u2019Oasis V\u00e9g\u00e9tale | Terrariums, Bougies &amp; Cr\u00e9ations Artisanales\",\"publisher\":{\"@id\":\"https:\/\/www.loasisvegetale.fr\/#organization\"},\"potentialAction\":[{\"@type\":\"SearchAction\",\"target\":{\"@type\":\"EntryPoint\",\"urlTemplate\":\"https:\/\/www.loasisvegetale.fr\/?s={search_term_string}\"},\"query-input\":{\"@type\":\"PropertyValueSpecification\",\"valueRequired\":true,\"valueName\":\"search_term_string\"}}],\"inLanguage\":\"fr-FR\"},{\"@type\":\"Organization\",\"@id\":\"https:\/\/www.loasisvegetale.fr\/#organization\",\"name\":\"L'oasis V\u00e9g\u00e9tale\",\"url\":\"https:\/\/www.loasisvegetale.fr\/\",\"logo\":{\"@type\":\"ImageObject\",\"inLanguage\":\"fr-FR\",\"@id\":\"https:\/\/www.loasisvegetale.fr\/#\/schema\/logo\/image\/\",\"url\":\"https:\/\/www.loasisvegetale.fr\/wp-content\/uploads\/2025\/08\/logo.png\",\"contentUrl\":\"https:\/\/www.loasisvegetale.fr\/wp-content\/uploads\/2025\/08\/logo.png\",\"width\":1024,\"height\":1024,\"caption\":\"L'oasis V\u00e9g\u00e9tale\"},\"image\":{\"@id\":\"https:\/\/www.loasisvegetale.fr\/#\/schema\/logo\/image\/\"},\"sameAs\":[\"https:\/\/www.instagram.com\/loasisvegetale\/\"]}]}<\/script>\n<!-- \/ Yoast SEO plugin. -->","yoast_head_json":{"title":"Village Enchant\u00e9 - L&#039;oasis V\u00e9g\u00e9tale","description":"\"Village Enchant\u00e9\" : une sc\u00e8ne f\u00e9erique dans un aquarium, avec mousse luxuriante, cabane v\u00e9g\u00e9tale et d\u00e9tails artisanaux. Un univers miniature unique","robots":{"index":"index","follow":"follow","max-snippet":"max-snippet:-1","max-image-preview":"max-image-preview:large","max-video-preview":"max-video-preview:-1"},"canonical":"https:\/\/www.loasisvegetale.fr\/index.php\/produit\/village-enchante\/","og_locale":"fr_FR","og_type":"article","og_title":"Village Enchant\u00e9 - L&#039;oasis V\u00e9g\u00e9tale","og_description":"\"Village Enchant\u00e9\" : une sc\u00e8ne f\u00e9erique dans un aquarium, avec mousse luxuriante, cabane v\u00e9g\u00e9tale et d\u00e9tails artisanaux. Un univers miniature unique","og_url":"https:\/\/www.loasisvegetale.fr\/index.php\/produit\/village-enchante\/","og_site_name":"L&#039;oasis V\u00e9g\u00e9tale","article_modified_time":"2025-08-24T16:41:59+00:00","og_image":[{"width":1200,"height":1600,"url":"https:\/\/www.loasisvegetale.fr\/wp-content\/uploads\/2025\/08\/5-1.jpg","type":"image\/jpeg"}],"twitter_card":"summary_large_image","twitter_misc":{"Dur\u00e9e de lecture estim\u00e9e":"1 minute"},"schema":{"@context":"https:\/\/schema.org","@graph":[{"@type":"WebPage","@id":"https:\/\/www.loasisvegetale.fr\/index.php\/produit\/village-enchante\/","url":"https:\/\/www.loasisvegetale.fr\/index.php\/produit\/village-enchante\/","name":"Village Enchant\u00e9 - L&#039;oasis V\u00e9g\u00e9tale","isPartOf":{"@id":"https:\/\/www.loasisvegetale.fr\/#website"},"primaryImageOfPage":{"@id":"https:\/\/www.loasisvegetale.fr\/index.php\/produit\/village-enchante\/#primaryimage"},"image":{"@id":"https:\/\/www.loasisvegetale.fr\/index.php\/produit\/village-enchante\/#primaryimage"},"thumbnailUrl":"https:\/\/www.loasisvegetale.fr\/wp-content\/uploads\/2025\/08\/5-1.jpg","datePublished":"2025-08-22T20:54:34+00:00","dateModified":"2025-08-24T16:41:59+00:00","description":"\"Village Enchant\u00e9\" : une sc\u00e8ne f\u00e9erique dans un aquarium, avec mousse luxuriante, cabane v\u00e9g\u00e9tale et d\u00e9tails artisanaux. Un univers miniature unique","breadcrumb":{"@id":"https:\/\/www.loasisvegetale.fr\/index.php\/produit\/village-enchante\/#breadcrumb"},"inLanguage":"fr-FR","potentialAction":[{"@type":"ReadAction","target":["https:\/\/www.loasisvegetale.fr\/index.php\/produit\/village-enchante\/"]}]},{"@type":"ImageObject","inLanguage":"fr-FR","@id":"https:\/\/www.loasisvegetale.fr\/index.php\/produit\/village-enchante\/#primaryimage","url":"https:\/\/www.loasisvegetale.fr\/wp-content\/uploads\/2025\/08\/5-1.jpg","contentUrl":"https:\/\/www.loasisvegetale.fr\/wp-content\/uploads\/2025\/08\/5-1.jpg","width":1200,"height":1600},{"@type":"BreadcrumbList","@id":"https:\/\/www.loasisvegetale.fr\/index.php\/produit\/village-enchante\/#breadcrumb","itemListElement":[{"@type":"ListItem","position":1,"name":"Accueil","item":"https:\/\/www.loasisvegetale.fr\/"},{"@type":"ListItem","position":2,"name":"Cr\u00e9ations","item":"https:\/\/www.loasisvegetale.fr\/index.php\/toutes-mes-creations\/"},{"@type":"ListItem","position":3,"name":"Village Enchant\u00e9"}]},{"@type":"WebSite","@id":"https:\/\/www.loasisvegetale.fr\/#website","url":"https:\/\/www.loasisvegetale.fr\/","name":"L'oasis V\u00e9g\u00e9tale","description":"\ud83c\udf44 L\u2019Oasis V\u00e9g\u00e9tale | Terrariums, Bougies &amp; Cr\u00e9ations Artisanales","publisher":{"@id":"https:\/\/www.loasisvegetale.fr\/#organization"},"potentialAction":[{"@type":"SearchAction","target":{"@type":"EntryPoint","urlTemplate":"https:\/\/www.loasisvegetale.fr\/?s={search_term_string}"},"query-input":{"@type":"PropertyValueSpecification","valueRequired":true,"valueName":"search_term_string"}}],"inLanguage":"fr-FR"},{"@type":"Organization","@id":"https:\/\/www.loasisvegetale.fr\/#organization","name":"L'oasis V\u00e9g\u00e9tale","url":"https:\/\/www.loasisvegetale.fr\/","logo":{"@type":"ImageObject","inLanguage":"fr-FR","@id":"https:\/\/www.loasisvegetale.fr\/#\/schema\/logo\/image\/","url":"https:\/\/www.loasisvegetale.fr\/wp-content\/uploads\/2025\/08\/logo.png","contentUrl":"https:\/\/www.loasisvegetale.fr\/wp-content\/uploads\/2025\/08\/logo.png","width":1024,"height":1024,"caption":"L'oasis V\u00e9g\u00e9tale"},"image":{"@id":"https:\/\/www.loasisvegetale.fr\/#\/schema\/logo\/image\/"},"sameAs":["https:\/\/www.instagram.com\/loasisvegetale\/"]}]}},"jetpack_sharing_enabled":true,"_links":{"self":[{"href":"https:\/\/www.loasisvegetale.fr\/index.php\/wp-json\/wp\/v2\/product\/1104","targetHints":{"allow":["GET"]}}],"collection":[{"href":"https:\/\/www.loasisvegetale.fr\/index.php\/wp-json\/wp\/v2\/product"}],"about":[{"href":"https:\/\/www.loasisvegetale.fr\/index.php\/wp-json\/wp\/v2\/types\/product"}],"replies":[{"embeddable":true,"href":"https:\/\/www.loasisvegetale.fr\/index.php\/wp-json\/wp\/v2\/comments?post=1104"}],"wp:featuredmedia":[{"embeddable":true,"href":"https:\/\/www.loasisvegetale.fr\/index.php\/wp-json\/wp\/v2\/media\/1109"}],"wp:attachment":[{"href":"https:\/\/www.loasisvegetale.fr\/index.php\/wp-json\/wp\/v2\/media?parent=1104"}],"wp:term":[{"taxonomy":"product_brand","embeddable":true,"href":"https:\/\/www.loasisvegetale.fr\/index.php\/wp-json\/wp\/v2\/product_brand?post=1104"},{"taxonomy":"product_cat","embeddable":true,"href":"https:\/\/www.loasisvegetale.fr\/index.php\/wp-json\/wp\/v2\/product_cat?post=1104"},{"taxonomy":"product_tag","embeddable":true,"href":"https:\/\/www.loasisvegetale.fr\/index.php\/wp-json\/wp\/v2\/product_tag?post=1104"}],"curies":[{"name":"wp","href":"https:\/\/api.w.org\/{rel}","templated":true}]}}