{"id":470,"date":"2025-08-17T21:05:48","date_gmt":"2025-08-17T21:05:48","guid":{"rendered":"https:\/\/www.loasisvegetale.fr\/?post_type=product&#038;p=470"},"modified":"2025-08-22T20:37:42","modified_gmt":"2025-08-22T20:37:42","slug":"foret-enchantee","status":"publish","type":"product","link":"https:\/\/www.loasisvegetale.fr\/index.php\/produit\/foret-enchantee\/","title":{"rendered":"For\u00eat Enchant\u00e9e"},"content":{"rendered":"<p data-start=\"222\" data-end=\"519\">Plongez dans un petit univers verdoyant avec le <strong data-start=\"270\" data-end=\"291\">Moyen Oasis Verte<\/strong>, un terrarium humide soigneusement con\u00e7u pour apporter fra\u00eecheur et s\u00e9r\u00e9nit\u00e9 \u00e0 votre int\u00e9rieur. Ce terrarium combine harmonieusement <strong data-start=\"425\" data-end=\"471\">plantes, mousse et d\u00e9corations artisanales<\/strong> pour cr\u00e9er un v\u00e9ritable mini-jardin tropical.<\/p>\n<p data-start=\"521\" data-end=\"919\">Au c\u0153ur du terrarium, vous trouverez <strong data-start=\"558\" data-end=\"585\">de la mousse luxuriante<\/strong> qui apporte douceur et couleur, un <strong data-start=\"621\" data-end=\"665\">chemin de pierres minutieusement dispos\u00e9<\/strong> pour guider le regard \u00e0 travers ce paysage miniature, et une <strong data-start=\"727\" data-end=\"765\">maison champignon peinte \u00e0 la main<\/strong> qui ajoute une touche f\u00e9erique et personnalis\u00e9e. Chaque pi\u00e8ce d\u00e9corative est <strong data-start=\"843\" data-end=\"885\">faite sur mesure et r\u00e9alis\u00e9e \u00e0 la main<\/strong>, pour garantir un objet unique.<\/p>\n<p data-start=\"921\" data-end=\"997\">Pour cr\u00e9er cet oasis, nous utilisons uniquement des mat\u00e9riaux de qualit\u00e9 :<\/p>\n<ul data-start=\"998\" data-end=\"1453\">\n<li data-start=\"998\" data-end=\"1062\">\n<p data-start=\"1000\" data-end=\"1062\"><strong data-start=\"1000\" data-end=\"1019\">Billes d\u2019argile<\/strong> pour le drainage et la sant\u00e9 des racines.<\/p>\n<\/li>\n<li data-start=\"1063\" data-end=\"1141\">\n<p data-start=\"1065\" data-end=\"1141\"><strong data-start=\"1065\" data-end=\"1102\">Substrat sp\u00e9cial terrarium humide<\/strong> pour maintenir l\u2019humidit\u00e9 n\u00e9cessaire.<\/p>\n<\/li>\n<li data-start=\"1142\" data-end=\"1187\">\n<p data-start=\"1144\" data-end=\"1187\"><strong data-start=\"1144\" data-end=\"1185\">Terreau adapt\u00e9 aux plantes tropicales.<\/strong><\/p>\n<\/li>\n<li data-start=\"1188\" data-end=\"1256\">\n<p data-start=\"1190\" data-end=\"1256\"><strong data-start=\"1190\" data-end=\"1225\">Cailloux soigneusement nettoy\u00e9s<\/strong> pour le d\u00e9cor et le drainage.<\/p>\n<\/li>\n<li data-start=\"1257\" data-end=\"1347\">\n<p data-start=\"1259\" data-end=\"1347\"><strong data-start=\"1259\" data-end=\"1279\">Vernis acrylique<\/strong> et <strong data-start=\"1283\" data-end=\"1300\">vernis \u00e0 bois<\/strong> pour prot\u00e9ger les pi\u00e8ces d\u00e9coratives peintes.<\/p>\n<\/li>\n<li data-start=\"1348\" data-end=\"1453\">\n<p data-start=\"1350\" data-end=\"1453\">Et bien s\u00fbr, toutes les d\u00e9corations sont s\u00e9lectionn\u00e9es et r\u00e9alis\u00e9es <strong data-start=\"1418\" data-end=\"1450\">avec soin et \u00e0 la main.<\/strong><\/p>\n<\/li>\n<\/ul>\n<p data-start=\"1455\" data-end=\"1729\">Le terrarium <strong data-start=\"1462\" data-end=\"1483\">Moyen Oasis Verte<\/strong> est assembl\u00e9 \u00e0 la main, ce qui en fait un <strong data-start=\"1526\" data-end=\"1542\">objet unique<\/strong>, parfait pour les bureaux, \u00e9tag\u00e8res ou tables basses. Il cr\u00e9e un coin de nature luxuriante, tout en \u00e9tant <strong data-start=\"1649\" data-end=\"1671\">facile d\u2019entretien<\/strong> et durable gr\u00e2ce \u00e0 l\u2019attention port\u00e9e \u00e0 chaque \u00e9l\u00e9ment.<\/p>\n<p data-start=\"1731\" data-end=\"1868\">Apportez une <strong data-start=\"1744\" data-end=\"1776\">touche f\u00e9erique et naturelle<\/strong> \u00e0 votre int\u00e9rieur avec ce terrarium qui allie <strong data-start=\"1823\" data-end=\"1865\">plantes, artisanat et design minutieux<\/strong>.<\/p>\n","protected":false},"excerpt":{"rendered":"<p>Terrarium <strong>humide<\/strong> moyen pour ambiance naturelle. [&hellip;]<\/p>\n","protected":false},"featured_media":471,"comment_status":"open","ping_status":"closed","template":"","meta":[],"product_brand":[],"product_cat":[26],"product_tag":[],"class_list":{"0":"post-470","1":"product","2":"type-product","3":"status-publish","4":"has-post-thumbnail","6":"product_cat-terrarium","7":"pa_taille-moyen","9":"first","10":"instock","11":"taxable","12":"shipping-taxable","13":"purchasable","14":"product-type-simple"},"yoast_head":"<!-- This site is optimized with the Yoast SEO plugin v25.7 - https:\/\/yoast.com\/wordpress\/plugins\/seo\/ -->\n<title>For\u00eat Enchant\u00e9e - L&#039;oasis V\u00e9g\u00e9tale<\/title>\n<meta name=\"robots\" content=\"index, follow, max-snippet:-1, max-image-preview:large, max-video-preview:-1\" \/>\n<link rel=\"canonical\" href=\"https:\/\/www.loasisvegetale.fr\/index.php\/produit\/foret-enchantee\/\" \/>\n<meta property=\"og:locale\" content=\"fr_FR\" \/>\n<meta property=\"og:type\" content=\"article\" \/>\n<meta property=\"og:title\" content=\"For\u00eat Enchant\u00e9e - L&#039;oasis V\u00e9g\u00e9tale\" \/>\n<meta property=\"og:description\" content=\"Terrarium humide moyen pour ambiance naturelle. [&hellip;]\" \/>\n<meta property=\"og:url\" content=\"https:\/\/www.loasisvegetale.fr\/index.php\/produit\/foret-enchantee\/\" \/>\n<meta property=\"og:site_name\" content=\"L&#039;oasis V\u00e9g\u00e9tale\" \/>\n<meta property=\"article:modified_time\" content=\"2025-08-22T20:37:42+00:00\" \/>\n<meta property=\"og:image\" content=\"https:\/\/www.loasisvegetale.fr\/wp-content\/uploads\/2025\/08\/2.jpg\" \/>\n\t<meta property=\"og:image:width\" content=\"1400\" \/>\n\t<meta property=\"og:image:height\" content=\"1867\" \/>\n\t<meta property=\"og:image:type\" content=\"image\/jpeg\" \/>\n<meta name=\"twitter:card\" content=\"summary_large_image\" \/>\n<meta name=\"twitter:label1\" content=\"Dur\u00e9e de lecture estim\u00e9e\" \/>\n\t<meta name=\"twitter:data1\" content=\"1 minute\" \/>\n<script type=\"application\/ld+json\" class=\"yoast-schema-graph\">{\"@context\":\"https:\/\/schema.org\",\"@graph\":[{\"@type\":\"WebPage\",\"@id\":\"https:\/\/www.loasisvegetale.fr\/index.php\/produit\/foret-enchantee\/\",\"url\":\"https:\/\/www.loasisvegetale.fr\/index.php\/produit\/foret-enchantee\/\",\"name\":\"For\u00eat Enchant\u00e9e - L&#039;oasis V\u00e9g\u00e9tale\",\"isPartOf\":{\"@id\":\"https:\/\/www.loasisvegetale.fr\/#website\"},\"primaryImageOfPage\":{\"@id\":\"https:\/\/www.loasisvegetale.fr\/index.php\/produit\/foret-enchantee\/#primaryimage\"},\"image\":{\"@id\":\"https:\/\/www.loasisvegetale.fr\/index.php\/produit\/foret-enchantee\/#primaryimage\"},\"thumbnailUrl\":\"https:\/\/www.loasisvegetale.fr\/wp-content\/uploads\/2025\/08\/2.jpg\",\"datePublished\":\"2025-08-17T21:05:48+00:00\",\"dateModified\":\"2025-08-22T20:37:42+00:00\",\"breadcrumb\":{\"@id\":\"https:\/\/www.loasisvegetale.fr\/index.php\/produit\/foret-enchantee\/#breadcrumb\"},\"inLanguage\":\"fr-FR\",\"potentialAction\":[{\"@type\":\"ReadAction\",\"target\":[\"https:\/\/www.loasisvegetale.fr\/index.php\/produit\/foret-enchantee\/\"]}]},{\"@type\":\"ImageObject\",\"inLanguage\":\"fr-FR\",\"@id\":\"https:\/\/www.loasisvegetale.fr\/index.php\/produit\/foret-enchantee\/#primaryimage\",\"url\":\"https:\/\/www.loasisvegetale.fr\/wp-content\/uploads\/2025\/08\/2.jpg\",\"contentUrl\":\"https:\/\/www.loasisvegetale.fr\/wp-content\/uploads\/2025\/08\/2.jpg\",\"width\":1400,\"height\":1867},{\"@type\":\"BreadcrumbList\",\"@id\":\"https:\/\/www.loasisvegetale.fr\/index.php\/produit\/foret-enchantee\/#breadcrumb\",\"itemListElement\":[{\"@type\":\"ListItem\",\"position\":1,\"name\":\"Accueil\",\"item\":\"https:\/\/www.loasisvegetale.fr\/\"},{\"@type\":\"ListItem\",\"position\":2,\"name\":\"Cr\u00e9ations\",\"item\":\"https:\/\/www.loasisvegetale.fr\/index.php\/toutes-mes-creations\/\"},{\"@type\":\"ListItem\",\"position\":3,\"name\":\"For\u00eat Enchant\u00e9e\"}]},{\"@type\":\"WebSite\",\"@id\":\"https:\/\/www.loasisvegetale.fr\/#website\",\"url\":\"https:\/\/www.loasisvegetale.fr\/\",\"name\":\"L'oasis V\u00e9g\u00e9tale\",\"description\":\"\ud83c\udf44 L\u2019Oasis V\u00e9g\u00e9tale | Terrariums, Bougies &amp; Cr\u00e9ations Artisanales\",\"publisher\":{\"@id\":\"https:\/\/www.loasisvegetale.fr\/#organization\"},\"potentialAction\":[{\"@type\":\"SearchAction\",\"target\":{\"@type\":\"EntryPoint\",\"urlTemplate\":\"https:\/\/www.loasisvegetale.fr\/?s={search_term_string}\"},\"query-input\":{\"@type\":\"PropertyValueSpecification\",\"valueRequired\":true,\"valueName\":\"search_term_string\"}}],\"inLanguage\":\"fr-FR\"},{\"@type\":\"Organization\",\"@id\":\"https:\/\/www.loasisvegetale.fr\/#organization\",\"name\":\"L'oasis V\u00e9g\u00e9tale\",\"url\":\"https:\/\/www.loasisvegetale.fr\/\",\"logo\":{\"@type\":\"ImageObject\",\"inLanguage\":\"fr-FR\",\"@id\":\"https:\/\/www.loasisvegetale.fr\/#\/schema\/logo\/image\/\",\"url\":\"https:\/\/www.loasisvegetale.fr\/wp-content\/uploads\/2025\/08\/logo.png\",\"contentUrl\":\"https:\/\/www.loasisvegetale.fr\/wp-content\/uploads\/2025\/08\/logo.png\",\"width\":1024,\"height\":1024,\"caption\":\"L'oasis V\u00e9g\u00e9tale\"},\"image\":{\"@id\":\"https:\/\/www.loasisvegetale.fr\/#\/schema\/logo\/image\/\"},\"sameAs\":[\"https:\/\/www.instagram.com\/loasisvegetale\/\"]}]}<\/script>\n<!-- \/ Yoast SEO plugin. -->","yoast_head_json":{"title":"For\u00eat Enchant\u00e9e - L&#039;oasis V\u00e9g\u00e9tale","robots":{"index":"index","follow":"follow","max-snippet":"max-snippet:-1","max-image-preview":"max-image-preview:large","max-video-preview":"max-video-preview:-1"},"canonical":"https:\/\/www.loasisvegetale.fr\/index.php\/produit\/foret-enchantee\/","og_locale":"fr_FR","og_type":"article","og_title":"For\u00eat Enchant\u00e9e - L&#039;oasis V\u00e9g\u00e9tale","og_description":"Terrarium humide moyen pour ambiance naturelle. [&hellip;]","og_url":"https:\/\/www.loasisvegetale.fr\/index.php\/produit\/foret-enchantee\/","og_site_name":"L&#039;oasis V\u00e9g\u00e9tale","article_modified_time":"2025-08-22T20:37:42+00:00","og_image":[{"width":1400,"height":1867,"url":"https:\/\/www.loasisvegetale.fr\/wp-content\/uploads\/2025\/08\/2.jpg","type":"image\/jpeg"}],"twitter_card":"summary_large_image","twitter_misc":{"Dur\u00e9e de lecture estim\u00e9e":"1 minute"},"schema":{"@context":"https:\/\/schema.org","@graph":[{"@type":"WebPage","@id":"https:\/\/www.loasisvegetale.fr\/index.php\/produit\/foret-enchantee\/","url":"https:\/\/www.loasisvegetale.fr\/index.php\/produit\/foret-enchantee\/","name":"For\u00eat Enchant\u00e9e - L&#039;oasis V\u00e9g\u00e9tale","isPartOf":{"@id":"https:\/\/www.loasisvegetale.fr\/#website"},"primaryImageOfPage":{"@id":"https:\/\/www.loasisvegetale.fr\/index.php\/produit\/foret-enchantee\/#primaryimage"},"image":{"@id":"https:\/\/www.loasisvegetale.fr\/index.php\/produit\/foret-enchantee\/#primaryimage"},"thumbnailUrl":"https:\/\/www.loasisvegetale.fr\/wp-content\/uploads\/2025\/08\/2.jpg","datePublished":"2025-08-17T21:05:48+00:00","dateModified":"2025-08-22T20:37:42+00:00","breadcrumb":{"@id":"https:\/\/www.loasisvegetale.fr\/index.php\/produit\/foret-enchantee\/#breadcrumb"},"inLanguage":"fr-FR","potentialAction":[{"@type":"ReadAction","target":["https:\/\/www.loasisvegetale.fr\/index.php\/produit\/foret-enchantee\/"]}]},{"@type":"ImageObject","inLanguage":"fr-FR","@id":"https:\/\/www.loasisvegetale.fr\/index.php\/produit\/foret-enchantee\/#primaryimage","url":"https:\/\/www.loasisvegetale.fr\/wp-content\/uploads\/2025\/08\/2.jpg","contentUrl":"https:\/\/www.loasisvegetale.fr\/wp-content\/uploads\/2025\/08\/2.jpg","width":1400,"height":1867},{"@type":"BreadcrumbList","@id":"https:\/\/www.loasisvegetale.fr\/index.php\/produit\/foret-enchantee\/#breadcrumb","itemListElement":[{"@type":"ListItem","position":1,"name":"Accueil","item":"https:\/\/www.loasisvegetale.fr\/"},{"@type":"ListItem","position":2,"name":"Cr\u00e9ations","item":"https:\/\/www.loasisvegetale.fr\/index.php\/toutes-mes-creations\/"},{"@type":"ListItem","position":3,"name":"For\u00eat Enchant\u00e9e"}]},{"@type":"WebSite","@id":"https:\/\/www.loasisvegetale.fr\/#website","url":"https:\/\/www.loasisvegetale.fr\/","name":"L'oasis V\u00e9g\u00e9tale","description":"\ud83c\udf44 L\u2019Oasis V\u00e9g\u00e9tale | Terrariums, Bougies &amp; Cr\u00e9ations Artisanales","publisher":{"@id":"https:\/\/www.loasisvegetale.fr\/#organization"},"potentialAction":[{"@type":"SearchAction","target":{"@type":"EntryPoint","urlTemplate":"https:\/\/www.loasisvegetale.fr\/?s={search_term_string}"},"query-input":{"@type":"PropertyValueSpecification","valueRequired":true,"valueName":"search_term_string"}}],"inLanguage":"fr-FR"},{"@type":"Organization","@id":"https:\/\/www.loasisvegetale.fr\/#organization","name":"L'oasis V\u00e9g\u00e9tale","url":"https:\/\/www.loasisvegetale.fr\/","logo":{"@type":"ImageObject","inLanguage":"fr-FR","@id":"https:\/\/www.loasisvegetale.fr\/#\/schema\/logo\/image\/","url":"https:\/\/www.loasisvegetale.fr\/wp-content\/uploads\/2025\/08\/logo.png","contentUrl":"https:\/\/www.loasisvegetale.fr\/wp-content\/uploads\/2025\/08\/logo.png","width":1024,"height":1024,"caption":"L'oasis V\u00e9g\u00e9tale"},"image":{"@id":"https:\/\/www.loasisvegetale.fr\/#\/schema\/logo\/image\/"},"sameAs":["https:\/\/www.instagram.com\/loasisvegetale\/"]}]}},"jetpack_sharing_enabled":true,"_links":{"self":[{"href":"https:\/\/www.loasisvegetale.fr\/index.php\/wp-json\/wp\/v2\/product\/470","targetHints":{"allow":["GET"]}}],"collection":[{"href":"https:\/\/www.loasisvegetale.fr\/index.php\/wp-json\/wp\/v2\/product"}],"about":[{"href":"https:\/\/www.loasisvegetale.fr\/index.php\/wp-json\/wp\/v2\/types\/product"}],"replies":[{"embeddable":true,"href":"https:\/\/www.loasisvegetale.fr\/index.php\/wp-json\/wp\/v2\/comments?post=470"}],"wp:featuredmedia":[{"embeddable":true,"href":"https:\/\/www.loasisvegetale.fr\/index.php\/wp-json\/wp\/v2\/media\/471"}],"wp:attachment":[{"href":"https:\/\/www.loasisvegetale.fr\/index.php\/wp-json\/wp\/v2\/media?parent=470"}],"wp:term":[{"taxonomy":"product_brand","embeddable":true,"href":"https:\/\/www.loasisvegetale.fr\/index.php\/wp-json\/wp\/v2\/product_brand?post=470"},{"taxonomy":"product_cat","embeddable":true,"href":"https:\/\/www.loasisvegetale.fr\/index.php\/wp-json\/wp\/v2\/product_cat?post=470"},{"taxonomy":"product_tag","embeddable":true,"href":"https:\/\/www.loasisvegetale.fr\/index.php\/wp-json\/wp\/v2\/product_tag?post=470"}],"curies":[{"name":"wp","href":"https:\/\/api.w.org\/{rel}","templated":true}]}}